e
Suppose 1130 = 5*x - 440. Suppose 5*d + x = n - 0*n, -2*d = -3*n + 903. Is n composite?
True
Let k = -739 + 6120. Is k a prime number?
True
Let o = 100 + -274. Let x = o - -48. Let l = x - -533. Is l a prime number?
False
Let w(d) = d**3 + 7*d**2 - 6. Let h be w(-7). Is (h - -5) + (-960)/(-2) prime?
True
Suppose 23*v = 37*v - 24598. Is v prime?
False
Let p = 34 - 28. Suppose 0 = n - p*n - 915. Let m = 38 - n. Is m a prime number?
False
Let i(m) = -5*m**3 - m**2 + m + 1. Let s be i(-1). Let x(n) = -n**2 + 3*n + 6. Let d be x(s). Suppose 2*j - d = -o - j, -3*j + 46 = 5*o. Is o prime?
True
Let b(i) be the third derivative of i**6/12 + i**5/20 + i**4/12 + i**3/3 + 13*i**2. Is b(3) composite?
True
Suppose -3*x - 3*r + 2 = -4, 2*x + 5*r = -8. Suppose 3*l - o - 571 = -x*o, o - 937 = -5*l. Is l a prime number?
False
Let j(s) = -9*s**2 - 3*s + 7. Let d be j(2). Is ((-2)/(-2))/(d/(-97930)) prime?
False
Is 2/((4/(-23090))/((-1)/5)) prime?
True
Let o(i) = -5*i**3 - i**2 + 1. Let n be o(-1). Let t(l) = -29*l + 56. Let j be t(-18). Suppose n*p - j = -193. Is p a composite number?
True
Let j = 912 - 642. Let t = j - -109. Is t a composite number?
False
Let y = -5468 - -10329. Is y a prime number?
True
Is (14/(-21))/((-6)/26577) composite?
False
Let a(z) = 74*z**2 - 11*z - 37. Is a(18) a prime number?
True
Let k = 0 - -12. Suppose 3*z - 3 = k. Suppose -z*b = -2*b - 435. Is b prime?
False
Suppose 0 = 83*o - 87*o + 20. Is (-12414)/(-14) + (-132)/28 + o prime?
True
Let z(b) = -b**2 + 4*b + 4. Let y be z(4). Let r = 761 + -538. Suppose -y*d + 373 = -r. Is d a prime number?
True
Is (-2973572)/136*2/(-7) composite?
False
Let y(r) = r**3 - 12*r**2 - 6*r - 34. Let a = 26 - 11. Is y(a) a prime number?
False
Is 5 + 1/(5/6430) a prime number?
True
Let s(x) = 48*x**2 + 6*x - 7. Let g(k) = -49*k**2 - 7*k + 8. Let n(t) = 2*g(t) + 3*s(t). Suppose 0 = -4*z - 1 + 9. Is n(z) prime?
False
Let x(b) = 1183*b + 6. Is x(7) a prime number?
True
Is 16/88 - (0 - (-16386)/(-22)) a composite number?
True
Let c = -41 + 41. Suppose 0 = r + 5*n - 140, -2*r + 0*r - n + 235 = c. Is r composite?
True
Suppose -837 = -6*l + 1821. Is l prime?
True
Let g = -29828 - -41911. Is g composite?
True
Let u(z) be the second derivative of z**6/360 - z**5/12 - 17*z**4/24 - 3*z**3/2 - 3*z. Let q(r) be the second derivative of u(r). Is q(13) composite?
True
Let m(v) be the first derivative of 71*v**2/2 - 9. Is m(1) a composite number?
False
Let v = 13480 + -5171. Suppose 14*i - 7*i - v = 0. Is i a prime number?
True
Is (-4)/(-26) - 162/(-78)*1727 a composite number?
True
Let r(g) = g**2 + 7*g + 3. Suppose 2*h - 4*h = 14. Let d be r(h). Suppose 2*q = 4*q + d*m - 811, -5*m + 2040 = 5*q. Is q prime?
False
Let y(d) = d**2 - 4*d + 9. Let k be 2 + 1 + -3 + -3. Let p = 17 + k. Is y(p) prime?
True
Suppose -12*b + 31 = -11*b. Suppose 3*d + 2*z - 900 = b, 1530 = 5*d - z. Is d a composite number?
False
Let b(v) = -23*v + 23. Let h(j) = j**2 - 17*j + 26. Let q be h(14). Is b(q) a composite number?
True
Suppose -33*t = -38*t + 21185. Is t composite?
True
Let d(o) = -o**3 - 10*o**2 - 11*o - 18. Let i be d(-9). Suppose -5*b + 75 + 4535 = i. Let n = -629 + b. Is n prime?
True
Let r(a) = -1976*a + 375. Is r(-8) a prime number?
True
Suppose -177*r - 23305 = -182*r. Is r a prime number?
False
Let v = 48238 - 25629. Is v composite?
True
Suppose -s = -109 + 107. Suppose -4*n = -h - 1178, 0 = -5*n + s*h - 693 + 2164. Is n a composite number?
True
Let d(p) = 7*p**3 - 94*p**2 + 11*p + 59. Is d(19) a prime number?
True
Let z(i) = -i**3 + 8*i - i**2 - 2 + i**2 - 4*i**2. Suppose 4*d = 36 - 64. Is z(d) prime?
True
Let a(h) = 3195*h**2 - 4*h - 16. Is a(-3) a prime number?
True
Let g(a) = 247*a**3 - 2*a**2 + 1. Let u be g(-1). Let x be 555 - (-7)/((-35)/10). Let t = u + x. Is t prime?
False
Let l(r) = r**3 + 2*r**2 - 2*r + 1. Let w be l(-3). Is (1356/w + -1)/(-1) a prime number?
False
Let m(j) be the second derivative of -j**4/12 - j**3/6 + 1961*j**2 - 4*j. Let f be m(0). Suppose -2*w + 4*s = -1966, 4*w - s - 2*s = f. Is w a prime number?
False
Suppose -z - 601 + 7338 = 0. Is z prime?
True
Let k be 1 - (3 - 4)*-1. Suppose -4*x - 3*g - 2*g + 347 = k, 0 = -3*x + 3*g + 240. Let v = x + -45. Is v a composite number?
True
Let o(k) = k + 3 - 2 - 2. Let d be o(5). Suppose n - 1553 = -5*h - 56, 2*h - 590 = d*n. Is h a prime number?
False
Suppose 0 = 19*w - 24*w. Suppose -5*h + 331 + 1354 = w. Is h composite?
False
Let a = 39247 - 27526. Is a a prime number?
False
Let v be (1 - (-1 + 5))/1. Is (2/v)/((-2)/471) prime?
True
Suppose 29*k = 165641 + 76596. Is k a composite number?
False
Let x = 1448 + -839. Let d = x - 320. Is d composite?
True
Let a(g) be the first derivative of 308*g**3/3 + g**2/2 - 6. Is a(2) a composite number?
True
Let q(u) = u**3 - 9*u**2 + 7*u - 10. Suppose -4*l + 4*s - 7 + 187 = 0, s + 183 = 4*l. Suppose 5*w = l - 1. Is q(w) prime?
True
Let r be 12/(-10)*60/24. Let f be (9/(-2) - r)*-2. Suppose f*u - 4*d - 416 - 625 = 0, 694 = 2*u + 3*d. Is u a prime number?
True
Let n = -24 - -56. Let t = 132 - 185. Let d = n - t. Is d a prime number?
False
Let w(i) = -4*i**3 + 3*i**2 + 6*i - 2. Let h(o) = 3*o**3 - 3*o**2 - 5*o + 3. Let n(g) = 5*h(g) + 4*w(g). Let s be n(-5). Is -3*(s/(-6) - -3) composite?
True
Suppose -55*o + 610223 = -36*o. Is o composite?
False
Suppose 0 = w - 7*w + w. Is 3868*(-4)/(-8) + (w - 3) a prime number?
True
Let d(h) = -h + 14. Let l(m) = -m + 3. Let z be l(-7). Let q be d(z). Suppose -2*g = -q - 6, -3*g = 3*j - 33. Is j a prime number?
False
Let b = 183 - -80. Is b prime?
True
Suppose 0 = 4*a - 4, -2*a - 7132 - 1801 = -5*k. Let f = 2906 - k. Is f a composite number?
True
Let g(t) = -14*t**3 + t**2 + 3*t + 3. Let a be 3/(-2)*(-5)/((-15)/6). Is g(a) a composite number?
True
Let k(l) = -165*l + 47. Let s be k(14). Let h = s + 3522. Is h composite?
False
Let d be (796/5)/(11/55). Let r = d - 51. Suppose -r = -0*u - 5*u. Is u a prime number?
True
Suppose -119 = -3*f + 2*w - 398, -194 = 2*f - 4*w. Let c = -68 + -150. Let k = f - c. Is k a prime number?
True
Suppose -k = -5*n - 61, -3*n + 4*k = 2*n + 64. Let w = 16 + n. Suppose -h - w*b = -6*b - 157, -5*b + 10 = 0. Is h prime?
False
Let a(w) = 35*w - 13. Let d(n) = n**3 + 10*n**2 + 2*n + 14. Let v be d(-10). Let o be (1 - (-8)/(-3))*v. Is a(o) a prime number?
True
Let x(y) = 3*y**2 - y**2 - 5 - 2*y + 7*y + 6. Let v be ((-7)/(-14))/((-2)/(-16)). Is x(v) composite?
False
Let q be (-1)/(10/628) + (-4)/20. Is 6079/7 + (-36)/q a composite number?
True
Suppose -5*l - 4*m + 67773 = 0, -10948 + 65158 = 4*l - m. Is l prime?
True
Let o(i) = -i + 8. Let j be o(4). Suppose -4 = -2*n, 3*f + j*n = -14 + 130. Let a = f - 25. Is a prime?
True
Let o(q) = -30*q + 9. Let g(d) = -15*d + 4. Let n(x) = -7*g(x) + 3*o(x). Suppose -h = h - 10. Is n(h) composite?
True
Let y be 3 + 1/((-4)/20). Let a(u) = 34*u**2 - 3*u - 4. Let g be a(y). Let m = g + -79. Is m composite?
False
Suppose 4*a + 86 = 658. Is a composite?
True
Let g = 19183 + -12656. Is g prime?
False
Suppose -7*m - 15 = -10*m. Suppose 3 - 23 = -3*c - m*o, -2*o + 8 = -2*c. Suppose -3*r = r - 5*k - 2923, c = 5*r - 2*k - 3675. Is r a composite number?
True
Is 1488 + (-7 - 0/1) prime?
True
Let r = 8 + -11. Is -2 + 80 + r - 1 prime?
False
Let v(l) = l + 9. Let f be v(-12). Is ((f - -833)/(-2))/(-1*1) composite?
True
Let d(j) = -27*j + 5. Let v(h) = -54*h + 10. Let g(z) = -13*d(z) + 6*v(z). Is g(12) a composite number?
True
Is (10860/(-80))/(3/(-4)) composite?
False
Suppose -318 = -3*g + 114. Suppose -2*f - 2*h = -1418, -5*h = -f + 589 + g. Is f prime?
False
Let m = -45 + 51. Is ((-69)/(-46))/(m/2348) composite?
False
Suppose -5*k = 0, 3*f - 5*k + 1608 = -f. Let z = -71 - f. Is z prime?
True
Let i(r) = -3*r - 12. Let j be i(-7). Is ((-373)/(-5))/(j/45) a prime number?
True
Let p be -3 + (-2)/2 - -366. Let x = p + -235. Suppose 0 = 3*c - 4*c + x. Is c prime?
True
Let j be (12/(-2))/(2/(-11)). Suppose 5*f = -8 + j. Suppose f*a + 0*a - 1295 = 0. Is a a composite number?
True
Suppose y + 226054 = 4*j + 13966, 5*y - 212064 = -4*j. Is j composite?
True
Suppose -21*g = -106762 - 107669. Is g a prime number?
True
Suppose v = -2*z + 80518 + 15444, 0 = 4*z + v - 191928. Is z a composite number?
True
Suppose -2*m - 1 = 7. Let a be ((-12)/(-15)